{"id":210,"date":"2024-07-03T13:45:06","date_gmt":"2024-07-03T13:45:06","guid":{"rendered":"https:\/\/bechtel-grebe.ltr-online.de\/?page_id=210"},"modified":"2024-07-09T12:40:14","modified_gmt":"2024-07-09T12:40:14","slug":"praxis","status":"publish","type":"page","link":"https:\/\/kieferchirurgie-trier.de\/?page_id=210","title":{"rendered":"Praxis"},"content":{"rendered":"\t\t<div data-elementor-type=\"wp-page\" data-elementor-id=\"210\" class=\"elementor elementor-210\">\n\t\t\t\t<div class=\"elementor-element elementor-element-2a72fec e-flex e-con-boxed e-con e-parent\" data-id=\"2a72fec\" data-element_type=\"container\">\n\t\t\t\t\t<div class=\"e-con-inner\">\n\t\t\t\t<div class=\"elementor-element elementor-element-50dbc64 elementor-widget elementor-widget-image\" data-id=\"50dbc64\" data-element_type=\"widget\" data-widget_type=\"image.default\">\n\t\t\t\t<div class=\"elementor-widget-container\">\n\t\t\t\t\t\t\t\t\t\t\t\t\t\t\t<img fetchpriority=\"high\" decoding=\"async\" width=\"766\" height=\"262\" src=\"https:\/\/kieferchirurgie-trier.de\/wp-content\/uploads\/2024\/07\/head-start-1-2.jpg\" class=\"attachment-large size-large wp-image-120\" alt=\"\" srcset=\"https:\/\/kieferchirurgie-trier.de\/wp-content\/uploads\/2024\/07\/head-start-1-2.jpg 766w, https:\/\/kieferchirurgie-trier.de\/wp-content\/uploads\/2024\/07\/head-start-1-2-300x103.jpg 300w\" sizes=\"(max-width: 766px) 100vw, 766px\" \/>\t\t\t\t\t\t\t\t\t\t\t\t\t\t\t<\/div>\n\t\t\t\t<\/div>\n\t\t\t\t\t<\/div>\n\t\t\t\t<\/div>\n\t\t<div class=\"elementor-element elementor-element-f3a51b7 e-con-full e-flex e-con e-parent\" data-id=\"f3a51b7\" data-element_type=\"container\">\n\t\t<div class=\"elementor-element elementor-element-3e10199 e-con-full e-flex e-con e-child\" data-id=\"3e10199\" data-element_type=\"container\">\n\t\t\t\t<div class=\"elementor-element elementor-element-3f2686a elementor-widget elementor-widget-heading\" data-id=\"3f2686a\" data-element_type=\"widget\" data-widget_type=\"heading.default\">\n\t\t\t\t<div class=\"elementor-widget-container\">\n\t\t\t\t\t<h4 class=\"elementor-heading-title elementor-size-default\">Unsere Praxis<\/h4>\t\t\t\t<\/div>\n\t\t\t\t<\/div>\n\t\t\t\t<div class=\"elementor-element elementor-element-ea7c2f6 elementor-widget elementor-widget-text-editor\" data-id=\"ea7c2f6\" data-element_type=\"widget\" data-widget_type=\"text-editor.default\">\n\t\t\t\t<div class=\"elementor-widget-container\">\n\t\t\t\t\t\t\t\t\t<p style=\"margin: 0px; padding: 0px 0px 10px; font-family: Arial, Helvetica, sans-serif; font-size: 12px; line-height: 18px; color: #4c4c4c;\">Hier bekommen Sie einen einblick in unsere Praxisr\u00e4ume.<\/p><p style=\"margin: 0px; padding: 0px 0px 10px; font-family: Arial, Helvetica, sans-serif; font-size: 12px; line-height: 18px; color: #4c4c4c;\">F\u00fcr eine gr\u00f6\u00dfere Ansicht der Bilder, bitte auf das jeweilige Bild klicken.<\/p>\t\t\t\t\t\t\t\t<\/div>\n\t\t\t\t<\/div>\n\t\t\t\t<div class=\"elementor-element elementor-element-23b3f06 gallery-spacing-custom elementor-widget__width-initial elementor-widget elementor-widget-image-gallery\" data-id=\"23b3f06\" data-element_type=\"widget\" data-widget_type=\"image-gallery.default\">\n\t\t\t\t<div class=\"elementor-widget-container\">\n\t\t\t\t\t\t\t<div class=\"elementor-image-gallery\">\n\t\t\t<div id='gallery-1' class='gallery galleryid-210 gallery-columns-2 gallery-size-large'><figure class='gallery-item'>\n\t\t\t<div class='gallery-icon landscape'>\n\t\t\t\t<a data-elementor-open-lightbox=\"yes\" data-elementor-lightbox-slideshow=\"23b3f06\" data-elementor-lightbox-title=\"bild4\" data-e-action-hash=\"#elementor-action%3Aaction%3Dlightbox%26settings%3DeyJpZCI6MjEyLCJ1cmwiOiJodHRwczpcL1wva2llZmVyY2hpcnVyZ2llLXRyaWVyLmRlXC93cC1jb250ZW50XC91cGxvYWRzXC8yMDI0XC8wN1wvYmlsZDQuanBnIiwic2xpZGVzaG93IjoiMjNiM2YwNiJ9\" href='https:\/\/kieferchirurgie-trier.de\/wp-content\/uploads\/2024\/07\/bild4.jpg'><img decoding=\"async\" width=\"220\" height=\"157\" src=\"https:\/\/kieferchirurgie-trier.de\/wp-content\/uploads\/2024\/07\/bild4.jpg\" class=\"attachment-large size-large\" alt=\"\" \/><\/a>\n\t\t\t<\/div><\/figure><figure class='gallery-item'>\n\t\t\t<div class='gallery-icon landscape'>\n\t\t\t\t<a data-elementor-open-lightbox=\"yes\" data-elementor-lightbox-slideshow=\"23b3f06\" data-elementor-lightbox-title=\"bild1\" data-e-action-hash=\"#elementor-action%3Aaction%3Dlightbox%26settings%3DeyJpZCI6MjEzLCJ1cmwiOiJodHRwczpcL1wva2llZmVyY2hpcnVyZ2llLXRyaWVyLmRlXC93cC1jb250ZW50XC91cGxvYWRzXC8yMDI0XC8wN1wvYmlsZDEuanBnIiwic2xpZGVzaG93IjoiMjNiM2YwNiJ9\" href='https:\/\/kieferchirurgie-trier.de\/wp-content\/uploads\/2024\/07\/bild1.jpg'><img decoding=\"async\" width=\"220\" height=\"157\" src=\"https:\/\/kieferchirurgie-trier.de\/wp-content\/uploads\/2024\/07\/bild1.jpg\" class=\"attachment-large size-large\" alt=\"\" \/><\/a>\n\t\t\t<\/div><\/figure><figure class='gallery-item'>\n\t\t\t<div class='gallery-icon landscape'>\n\t\t\t\t<a data-elementor-open-lightbox=\"yes\" data-elementor-lightbox-slideshow=\"23b3f06\" data-elementor-lightbox-title=\"bild2\" data-e-action-hash=\"#elementor-action%3Aaction%3Dlightbox%26settings%3DeyJpZCI6MjE0LCJ1cmwiOiJodHRwczpcL1wva2llZmVyY2hpcnVyZ2llLXRyaWVyLmRlXC93cC1jb250ZW50XC91cGxvYWRzXC8yMDI0XC8wN1wvYmlsZDIuanBnIiwic2xpZGVzaG93IjoiMjNiM2YwNiJ9\" href='https:\/\/kieferchirurgie-trier.de\/wp-content\/uploads\/2024\/07\/bild2.jpg'><img loading=\"lazy\" decoding=\"async\" width=\"220\" height=\"157\" src=\"https:\/\/kieferchirurgie-trier.de\/wp-content\/uploads\/2024\/07\/bild2.jpg\" class=\"attachment-large size-large\" alt=\"\" \/><\/a>\n\t\t\t<\/div><\/figure><figure class='gallery-item'>\n\t\t\t<div class='gallery-icon landscape'>\n\t\t\t\t<a data-elementor-open-lightbox=\"yes\" data-elementor-lightbox-slideshow=\"23b3f06\" data-elementor-lightbox-title=\"bild3\" data-e-action-hash=\"#elementor-action%3Aaction%3Dlightbox%26settings%3DeyJpZCI6MjE1LCJ1cmwiOiJodHRwczpcL1wva2llZmVyY2hpcnVyZ2llLXRyaWVyLmRlXC93cC1jb250ZW50XC91cGxvYWRzXC8yMDI0XC8wN1wvYmlsZDMuanBnIiwic2xpZGVzaG93IjoiMjNiM2YwNiJ9\" href='https:\/\/kieferchirurgie-trier.de\/wp-content\/uploads\/2024\/07\/bild3.jpg'><img loading=\"lazy\" decoding=\"async\" width=\"220\" height=\"157\" src=\"https:\/\/kieferchirurgie-trier.de\/wp-content\/uploads\/2024\/07\/bild3.jpg\" class=\"attachment-large size-large\" alt=\"\" \/><\/a>\n\t\t\t<\/div><\/figure>\n\t\t<\/div>\n\t\t<\/div>\n\t\t\t\t\t\t<\/div>\n\t\t\t\t<\/div>\n\t\t\t\t<\/div>\n\t\t\t\t<\/div>\n\t\t\t\t<\/div>\n\t\t","protected":false},"excerpt":{"rendered":"<p>Unsere Praxis Hier bekommen Sie einen einblick in unsere Praxisr\u00e4ume. F\u00fcr eine gr\u00f6\u00dfere Ansicht der Bilder, bitte auf das jeweilige Bild klicken.<\/p>\n","protected":false},"author":1,"featured_media":0,"parent":147,"menu_order":0,"comment_status":"closed","ping_status":"closed","template":"","meta":{"footnotes":""},"class_list":["post-210","page","type-page","status-publish","hentry"],"_links":{"self":[{"href":"https:\/\/kieferchirurgie-trier.de\/index.php?rest_route=\/wp\/v2\/pages\/210","targetHints":{"allow":["GET"]}}],"collection":[{"href":"https:\/\/kieferchirurgie-trier.de\/index.php?rest_route=\/wp\/v2\/pages"}],"about":[{"href":"https:\/\/kieferchirurgie-trier.de\/index.php?rest_route=\/wp\/v2\/types\/page"}],"author":[{"embeddable":true,"href":"https:\/\/kieferchirurgie-trier.de\/index.php?rest_route=\/wp\/v2\/users\/1"}],"replies":[{"embeddable":true,"href":"https:\/\/kieferchirurgie-trier.de\/index.php?rest_route=%2Fwp%2Fv2%2Fcomments&post=210"}],"version-history":[{"count":10,"href":"https:\/\/kieferchirurgie-trier.de\/index.php?rest_route=\/wp\/v2\/pages\/210\/revisions"}],"predecessor-version":[{"id":292,"href":"https:\/\/kieferchirurgie-trier.de\/index.php?rest_route=\/wp\/v2\/pages\/210\/revisions\/292"}],"up":[{"embeddable":true,"href":"https:\/\/kieferchirurgie-trier.de\/index.php?rest_route=\/wp\/v2\/pages\/147"}],"wp:attachment":[{"href":"https:\/\/kieferchirurgie-trier.de\/index.php?rest_route=%2Fwp%2Fv2%2Fmedia&parent=210"}],"curies":[{"name":"wp","href":"https:\/\/api.w.org\/{rel}","templated":true}]}}

<div data-elementor-type="wp-page" data-elementor-id="210" class="elementor elementor-210">
				<div class="elementor-element elementor-element-2a72fec e-flex e-con-boxed e-con e-parent" data-id="2a72fec" data-element_type="container">
					<div class="e-con-inner">
				<div class="elementor-element elementor-element-50dbc64 elementor-widget elementor-widget-image" data-id="50dbc64" data-element_type="widget" data-widget_type="image.default">
				<div class="elementor-widget-container">
															<img fetchpriority="high" decoding="async" width="766" height="262" src="https://kieferchirurgie-trier.de/wp-content/uploads/2024/07/head-start-1-2.jpg" class="attachment-large size-large wp-image-120" alt="" srcset="https://kieferchirurgie-trier.de/wp-content/uploads/2024/07/head-start-1-2.jpg 766w, https://kieferchirurgie-trier.de/wp-content/uploads/2024/07/head-start-1-2-300x103.jpg 300w" sizes="(max-width: 766px) 100vw, 766px" />															</div>
				</div>
					</div>
				</div>
		<div class="elementor-element elementor-element-f3a51b7 e-con-full e-flex e-con e-parent" data-id="f3a51b7" data-element_type="container">
		<div class="elementor-element elementor-element-3e10199 e-con-full e-flex e-con e-child" data-id="3e10199" data-element_type="container">
				<div class="elementor-element elementor-element-3f2686a elementor-widget elementor-widget-heading" data-id="3f2686a" data-element_type="widget" data-widget_type="heading.default">
				<div class="elementor-widget-container">
					<h4 class="elementor-heading-title elementor-size-default">Unsere Praxis</h4>				</div>
				</div>
				<div class="elementor-element elementor-element-ea7c2f6 elementor-widget elementor-widget-text-editor" data-id="ea7c2f6" data-element_type="widget" data-widget_type="text-editor.default">
				<div class="elementor-widget-container">
									<p style="margin: 0px; padding: 0px 0px 10px; font-family: Arial, Helvetica, sans-serif; font-size: 12px; line-height: 18px; color: #4c4c4c;">Hier bekommen Sie einen einblick in unsere Praxisräume.</p><p style="margin: 0px; padding: 0px 0px 10px; font-family: Arial, Helvetica, sans-serif; font-size: 12px; line-height: 18px; color: #4c4c4c;">Für eine größere Ansicht der Bilder, bitte auf das jeweilige Bild klicken.</p>								</div>
				</div>
				<div class="elementor-element elementor-element-23b3f06 gallery-spacing-custom elementor-widget__width-initial elementor-widget elementor-widget-image-gallery" data-id="23b3f06" data-element_type="widget" data-widget_type="image-gallery.default">
				<div class="elementor-widget-container">
							<div class="elementor-image-gallery">
			<div id='gallery-1' class='gallery galleryid-210 gallery-columns-2 gallery-size-large'><figure class='gallery-item'>
			<div class='gallery-icon landscape'>
				<a data-elementor-open-lightbox="yes" data-elementor-lightbox-slideshow="23b3f06" data-elementor-lightbox-title="bild4" data-e-action-hash="#elementor-action%3Aaction%3Dlightbox%26settings%3DeyJpZCI6MjEyLCJ1cmwiOiJodHRwczpcL1wva2llZmVyY2hpcnVyZ2llLXRyaWVyLmRlXC93cC1jb250ZW50XC91cGxvYWRzXC8yMDI0XC8wN1wvYmlsZDQuanBnIiwic2xpZGVzaG93IjoiMjNiM2YwNiJ9" href='https://kieferchirurgie-trier.de/wp-content/uploads/2024/07/bild4.jpg'><img decoding="async" width="220" height="157" src="https://kieferchirurgie-trier.de/wp-content/uploads/2024/07/bild4.jpg" class="attachment-large size-large" alt="" /></a>
			</div></figure><figure class='gallery-item'>
			<div class='gallery-icon landscape'>
				<a data-elementor-open-lightbox="yes" data-elementor-lightbox-slideshow="23b3f06" data-elementor-lightbox-title="bild1" data-e-action-hash="#elementor-action%3Aaction%3Dlightbox%26settings%3DeyJpZCI6MjEzLCJ1cmwiOiJodHRwczpcL1wva2llZmVyY2hpcnVyZ2llLXRyaWVyLmRlXC93cC1jb250ZW50XC91cGxvYWRzXC8yMDI0XC8wN1wvYmlsZDEuanBnIiwic2xpZGVzaG93IjoiMjNiM2YwNiJ9" href='https://kieferchirurgie-trier.de/wp-content/uploads/2024/07/bild1.jpg'><img decoding="async" width="220" height="157" src="https://kieferchirurgie-trier.de/wp-content/uploads/2024/07/bild1.jpg" class="attachment-large size-large" alt="" /></a>
			</div></figure><figure class='gallery-item'>
			<div class='gallery-icon landscape'>
				<a data-elementor-open-lightbox="yes" data-elementor-lightbox-slideshow="23b3f06" data-elementor-lightbox-title="bild2" data-e-action-hash="#elementor-action%3Aaction%3Dlightbox%26settings%3DeyJpZCI6MjE0LCJ1cmwiOiJodHRwczpcL1wva2llZmVyY2hpcnVyZ2llLXRyaWVyLmRlXC93cC1jb250ZW50XC91cGxvYWRzXC8yMDI0XC8wN1wvYmlsZDIuanBnIiwic2xpZGVzaG93IjoiMjNiM2YwNiJ9" href='https://kieferchirurgie-trier.de/wp-content/uploads/2024/07/bild2.jpg'><img loading="lazy" decoding="async" width="220" height="157" src="https://kieferchirurgie-trier.de/wp-content/uploads/2024/07/bild2.jpg" class="attachment-large size-large" alt="" /></a>
			</div></figure><figure class='gallery-item'>
			<div class='gallery-icon landscape'>
				<a data-elementor-open-lightbox="yes" data-elementor-lightbox-slideshow="23b3f06" data-elementor-lightbox-title="bild3" data-e-action-hash="#elementor-action%3Aaction%3Dlightbox%26settings%3DeyJpZCI6MjE1LCJ1cmwiOiJodHRwczpcL1wva2llZmVyY2hpcnVyZ2llLXRyaWVyLmRlXC93cC1jb250ZW50XC91cGxvYWRzXC8yMDI0XC8wN1wvYmlsZDMuanBnIiwic2xpZGVzaG93IjoiMjNiM2YwNiJ9" href='https://kieferchirurgie-trier.de/wp-content/uploads/2024/07/bild3.jpg'><img loading="lazy" decoding="async" width="220" height="157" src="https://kieferchirurgie-trier.de/wp-content/uploads/2024/07/bild3.jpg" class="attachment-large size-large" alt="" /></a>
			</div></figure>
		</div>
		</div>
						</div>
				</div>
				</div>
				</div>
				</div>

<p>Unsere Praxis Hier bekommen Sie einen einblick in unsere Praxisräume. Für eine größere Ansicht der Bilder, bitte auf das jeweilige Bild klicken.</p>
