{"id":194,"date":"2024-07-03T13:24:34","date_gmt":"2024-07-03T13:24:34","guid":{"rendered":"https:\/\/bechtel-grebe.ltr-online.de\/?page_id=194"},"modified":"2024-07-12T13:28:59","modified_gmt":"2024-07-12T13:28:59","slug":"impressum","status":"publish","type":"page","link":"https:\/\/kieferchirurgie-trier.de\/?page_id=194","title":{"rendered":"Impressum"},"content":{"rendered":"\t\t<div data-elementor-type=\"wp-page\" data-elementor-id=\"194\" class=\"elementor elementor-194\">\n\t\t\t\t<div class=\"elementor-element elementor-element-2a72fec e-flex e-con-boxed e-con e-parent\" data-id=\"2a72fec\" data-element_type=\"container\">\n\t\t\t\t\t<div class=\"e-con-inner\">\n\t\t\t\t<div class=\"elementor-element elementor-element-50dbc64 elementor-widget elementor-widget-image\" data-id=\"50dbc64\" data-element_type=\"widget\" data-widget_type=\"image.default\">\n\t\t\t\t<div class=\"elementor-widget-container\">\n\t\t\t\t\t\t\t\t\t\t\t\t\t\t\t<img fetchpriority=\"high\" decoding=\"async\" width=\"766\" height=\"262\" src=\"https:\/\/kieferchirurgie-trier.de\/wp-content\/uploads\/2024\/07\/head-start-1-2.jpg\" class=\"attachment-large size-large wp-image-120\" alt=\"\" srcset=\"https:\/\/kieferchirurgie-trier.de\/wp-content\/uploads\/2024\/07\/head-start-1-2.jpg 766w, https:\/\/kieferchirurgie-trier.de\/wp-content\/uploads\/2024\/07\/head-start-1-2-300x103.jpg 300w\" sizes=\"(max-width: 766px) 100vw, 766px\" \/>\t\t\t\t\t\t\t\t\t\t\t\t\t\t\t<\/div>\n\t\t\t\t<\/div>\n\t\t\t\t\t<\/div>\n\t\t\t\t<\/div>\n\t\t<div class=\"elementor-element elementor-element-f3a51b7 e-con-full e-flex e-con e-parent\" data-id=\"f3a51b7\" data-element_type=\"container\">\n\t\t<div class=\"elementor-element elementor-element-3e10199 e-con-full e-flex e-con e-child\" data-id=\"3e10199\" data-element_type=\"container\">\n\t\t\t\t<div class=\"elementor-element elementor-element-3f2686a elementor-widget elementor-widget-heading\" data-id=\"3f2686a\" data-element_type=\"widget\" data-widget_type=\"heading.default\">\n\t\t\t\t<div class=\"elementor-widget-container\">\n\t\t\t\t\t<h4 class=\"elementor-heading-title elementor-size-default\">Impressum<\/h4>\t\t\t\t<\/div>\n\t\t\t\t<\/div>\n\t\t\t\t<div class=\"elementor-element elementor-element-ea7c2f6 elementor-widget elementor-widget-text-editor\" data-id=\"ea7c2f6\" data-element_type=\"widget\" data-widget_type=\"text-editor.default\">\n\t\t\t\t<div class=\"elementor-widget-container\">\n\t\t\t\t\t\t\t\t\t<p style=\"margin: 0px; padding: 0px 0px 10px; font-family: Arial, Helvetica, sans-serif; font-size: 12px; line-height: 18px; color: #4c4c4c;\"><strong>Dr. med. Dr. med. dent. Gitta Bechtel-Grebe <\/strong><\/p>\n<p style=\"margin: 0px; padding: 0px 0px 10px; font-family: Arial, Helvetica, sans-serif; font-size: 12px; line-height: 18px; color: #4c4c4c;\">Fach\u00e4rztin f\u00fcr Mund-Kiefer-Gesichtschirurgie<\/p>\n<p style=\"margin: 0px; padding: 0px 0px 10px; font-family: Arial, Helvetica, sans-serif; font-size: 12px; line-height: 18px; color: #4c4c4c;\">Zahn\u00e4rztin f\u00fcr Oralchirurgie<\/p>\n<p style=\"margin: 0px; padding: 0px 0px 10px; font-family: Arial, Helvetica, sans-serif; font-size: 12px; line-height: 18px; color: #4c4c4c;\">Fahrstr. 14 54290 Trier<\/p>\n<p style=\"margin: 0px; padding: 0px 0px 10px; font-family: Arial, Helvetica, sans-serif; font-size: 12px; line-height: 18px; color: #4c4c4c;\">Tel.: 0651 \/ 75441<\/p>\n<p style=\"margin: 0px; padding: 0px 0px 10px; font-family: Arial, Helvetica, sans-serif; font-size: 12px; line-height: 18px; color: #4c4c4c;\">Fax.: 0651 \/ 75442<\/p>\n<p style=\"margin: 0px; padding: 0px 0px 10px; font-family: Arial, Helvetica, sans-serif; font-size: 12px; line-height: 18px; color: #4c4c4c;\">E-Mail:&nbsp; &nbsp; &nbsp; &nbsp; &nbsp; &nbsp; &nbsp; &nbsp; &nbsp; &nbsp; &nbsp; &nbsp; &nbsp; &nbsp; &nbsp; &nbsp; &nbsp; &nbsp; &nbsp; &nbsp; &nbsp; &nbsp; &nbsp; &nbsp; &nbsp; &nbsp; &nbsp; &nbsp; &nbsp; &nbsp; &nbsp; &nbsp; &nbsp; &nbsp; &nbsp; &nbsp; &nbsp; &nbsp; &nbsp; &nbsp; &nbsp; &nbsp; &nbsp; &nbsp; &nbsp; &nbsp; &nbsp; &nbsp; &nbsp; &nbsp; &nbsp; &nbsp; &nbsp; &nbsp; &nbsp; &nbsp; &nbsp; &nbsp; &nbsp; &nbsp; &nbsp; &nbsp; &nbsp; &nbsp; &nbsp; &nbsp; &nbsp; &nbsp; &nbsp; &nbsp; &nbsp; &nbsp; &nbsp; &nbsp; &nbsp; &nbsp; info@kieferchirurgie-trier.de&nbsp; &nbsp; &nbsp; &nbsp; &nbsp; &nbsp; &nbsp; &nbsp; &nbsp; &nbsp; &nbsp; &nbsp; &nbsp; &nbsp; &nbsp; &nbsp; &nbsp; &nbsp; &nbsp; &nbsp; &nbsp; &nbsp; &nbsp; &nbsp; &nbsp; &nbsp; &nbsp; &nbsp; &nbsp; &nbsp; &nbsp; &nbsp; &nbsp; &nbsp; &nbsp; &nbsp; &nbsp; &nbsp; &nbsp; &nbsp; &nbsp; &nbsp; &nbsp; &nbsp; &nbsp; &nbsp; &nbsp; &nbsp; &nbsp; &nbsp; &nbsp; &nbsp; &nbsp; &nbsp; &nbsp; &nbsp; &nbsp; &nbsp; &nbsp; &nbsp; &nbsp; &nbsp; &nbsp; &nbsp; &nbsp; &nbsp; &nbsp; &nbsp; &nbsp; &nbsp; info@kieferchirurgin-trier.de<\/p>\n<p style=\"margin: 0px; padding: 0px 0px 10px; font-family: Arial, Helvetica, sans-serif; font-size: 12px; line-height: 18px; color: #4c4c4c;\">Internet:&nbsp; &nbsp; &nbsp; &nbsp; &nbsp; &nbsp; &nbsp; &nbsp; &nbsp; &nbsp; &nbsp; &nbsp; &nbsp; &nbsp; &nbsp; &nbsp; &nbsp; &nbsp; &nbsp; &nbsp; &nbsp; &nbsp; &nbsp; &nbsp; &nbsp; &nbsp; &nbsp; &nbsp; &nbsp; &nbsp; &nbsp; &nbsp; &nbsp; &nbsp; &nbsp; &nbsp; &nbsp; &nbsp; &nbsp; &nbsp; &nbsp; &nbsp; &nbsp; &nbsp; &nbsp; &nbsp; &nbsp; &nbsp; &nbsp; &nbsp; &nbsp; &nbsp; &nbsp; &nbsp; &nbsp; &nbsp; &nbsp; &nbsp; &nbsp; &nbsp; &nbsp; &nbsp; &nbsp; &nbsp; &nbsp; &nbsp; &nbsp; &nbsp; &nbsp; &nbsp; &nbsp; &nbsp; &nbsp; &nbsp; &nbsp; &nbsp; &nbsp; &nbsp; &nbsp; &nbsp; &nbsp; &nbsp; www.kieferchirurgie-trier.de&nbsp; &nbsp; &nbsp; &nbsp; &nbsp; &nbsp; &nbsp; &nbsp; &nbsp; &nbsp; &nbsp; &nbsp; &nbsp; &nbsp; &nbsp; &nbsp; &nbsp; &nbsp; &nbsp; &nbsp; &nbsp; &nbsp; &nbsp; &nbsp; &nbsp; &nbsp; &nbsp; &nbsp; &nbsp; &nbsp; &nbsp; &nbsp; &nbsp; &nbsp; &nbsp; &nbsp; &nbsp; &nbsp; &nbsp; &nbsp; &nbsp; &nbsp; &nbsp; &nbsp; &nbsp; &nbsp; &nbsp; &nbsp; &nbsp; &nbsp; &nbsp; &nbsp; &nbsp; &nbsp; &nbsp; &nbsp; &nbsp; &nbsp; &nbsp; &nbsp; www.kieferchirurgin-trier.de<\/p>\n<p style=\"margin: 0px; padding: 0px 0px 10px; font-family: Arial, Helvetica, sans-serif; font-size: 12px; line-height: 18px; color: #4c4c4c;\"><strong>Zust\u00e4ndige \u00c4rztekammer:<\/strong> Landes\u00e4rztekammer Rheinland-Pfalz<\/p>\n<p style=\"margin: 0px; padding: 0px 0px 10px; font-family: Arial, Helvetica, sans-serif; font-size: 12px; line-height: 18px; color: #4c4c4c;\"><strong>Gesetzliche Berufsbezeichnung:<\/strong> Fach\u00e4rztin f\u00fcr Mund-Kiefer-Gesichtschirurgie, Zahn\u00e4rztin f\u00fcr Oralchirurgie<\/p>\n<p style=\"margin: 0px; padding: 0px 0px 10px; font-family: Arial, Helvetica, sans-serif; font-size: 12px; line-height: 18px; color: #4c4c4c;\"><strong>Berufsrechtliche Regelungen:<\/strong> Berufsordnung f\u00fcr die \u00c4rztinnen und \u00c4rzte in Rheinland-Pfalz<\/p>\n<p style=\"margin: 0px; padding: 0px 0px 10px; font-family: Arial, Helvetica, sans-serif; font-size: 12px; line-height: 18px; color: #4c4c4c;\">Es kann keine Haftung oder Garantie f\u00fcr die Aktualit\u00e4t, Richtigkeit und Vollst\u00e4ndigkeit der bereitgestellten Informationen \u00fcbernommen werden.<\/p>\n<p style=\"margin: 0px; padding: 0px 0px 10px; font-family: Arial, Helvetica, sans-serif; font-size: 12px; line-height: 18px; color: #4c4c4c;\"><strong>Bildnachweis:<\/strong><\/p>\n<p style=\"margin: 0px; padding: 0px 0px 10px; font-family: Arial, Helvetica, sans-serif; font-size: 12px; line-height: 18px; color: #4c4c4c;\">\u00a9iStockphoto.com\/ROMAOSLO<\/p>\n<p style=\"margin: 0px; padding: 0px 0px 10px; font-family: Arial, Helvetica, sans-serif; font-size: 12px; line-height: 18px; color: #4c4c4c;\">\u00a9iStockphoto.com\/HenkBentlage<\/p>\n<p style=\"margin: 0px; padding: 0px 0px 10px; font-family: Arial, Helvetica, sans-serif; font-size: 12px; line-height: 18px; color: #4c4c4c;\">\u00a9iStockphoto.com\/Trout55<\/p>\t\t\t\t\t\t\t\t<\/div>\n\t\t\t\t<\/div>\n\t\t\t\t<div class=\"elementor-element elementor-element-b20dfbc elementor-widget elementor-widget-text-editor\" data-id=\"b20dfbc\" data-element_type=\"widget\" data-widget_type=\"text-editor.default\">\n\t\t\t\t<div class=\"elementor-widget-container\">\n\t\t\t\t\t\t\t\t\t<a href=\"http:\/\/validator.w3.org\/check?uri=referer\" target=\"_blank\" rel=\"noopener\"><img decoding=\"async\" src=\"http:\/\/www.w3.org\/Icons\/valid-xhtml10\" alt=\"Valid XHTML 1.0 Transitional\" width=\"88\" height=\"31\" align=\"left\" border=\"0\" \/><\/a>\n<p style=\"margin: 0px; padding: 0px 0px 10px; font-family: Arial, Helvetica, sans-serif; font-size: 10px; line-height: 12px; color: #4c4c4c;\">Der Quelltext dieser Website ist valide gem\u00e4\u00df den Standards des W3C f\u00fcr korrektes HTML beziehungsweise XHTML und CSS.<\/p>\n<p style=\"margin: 0px; padding: 0px 0px 10px; font-family: Arial, Helvetica, sans-serif; font-size: 10px; line-height: 12px; color: #4c4c4c;\"><strong>Urheberrechte:<\/strong> Der Inhalt dieser Website ist urheberrechtlich gesch\u00fctzt. Dem Besucher wird jedoch das Recht gew\u00e4hrt, den Text dieser Website auszugsweise zu speichern und zu vervielf\u00e4ltigen. Aus Gr\u00fcnden des Urheberrechts ist die Speicherung und Vervielf\u00e4ltigung von Bildmaterial oder Grafiken aus dieser Website nicht gestattet.<\/p>\n<p style=\"margin: 0px; padding: 0px 0px 10px; font-family: Arial, Helvetica, sans-serif; font-size: 10px; line-height: 12px; color: #4c4c4c;\"><strong>Haftungshinweis:<\/strong> Trotz sorgf\u00e4ltiger inhaltlicher Kontrolle \u00fcbernehmen wir keine Haftung f\u00fcr die Inhalte externer Links. F\u00fcr den Inhalt der verlinkten Seiten sind ausschlie\u00dflich deren Betreiber verantwortlich.<\/p>\t\t\t\t\t\t\t\t<\/div>\n\t\t\t\t<\/div>\n\t\t\t\t<\/div>\n\t\t\t\t<\/div>\n\t\t\t\t<\/div>\n\t\t","protected":false},"excerpt":{"rendered":"<p>Impressum Dr. med. Dr. med. dent. Gitta Bechtel-Grebe Fach\u00e4rztin f\u00fcr Mund-Kiefer-Gesichtschirurgie Zahn\u00e4rztin f\u00fcr Oralchirurgie Fahrstr. 14 54290 Trier Tel.: 0651 \/ 75441 Fax.: 0651 \/ 75442 E-Mail:&nbsp; &nbsp; &nbsp; &nbsp; &nbsp; &nbsp; &nbsp; &nbsp; &nbsp; &nbsp; &nbsp; &nbsp; &nbsp; &nbsp; &nbsp; &nbsp; &nbsp; &nbsp; &nbsp; &nbsp; &nbsp; &nbsp; &nbsp; &nbsp; &nbsp; &nbsp; &nbsp; &nbsp; &nbsp; [&hellip;]<\/p>\n","protected":false},"author":1,"featured_media":0,"parent":147,"menu_order":0,"comment_status":"closed","ping_status":"closed","template":"","meta":{"footnotes":""},"class_list":["post-194","page","type-page","status-publish","hentry"],"_links":{"self":[{"href":"https:\/\/kieferchirurgie-trier.de\/index.php?rest_route=\/wp\/v2\/pages\/194","targetHints":{"allow":["GET"]}}],"collection":[{"href":"https:\/\/kieferchirurgie-trier.de\/index.php?rest_route=\/wp\/v2\/pages"}],"about":[{"href":"https:\/\/kieferchirurgie-trier.de\/index.php?rest_route=\/wp\/v2\/types\/page"}],"author":[{"embeddable":true,"href":"https:\/\/kieferchirurgie-trier.de\/index.php?rest_route=\/wp\/v2\/users\/1"}],"replies":[{"embeddable":true,"href":"https:\/\/kieferchirurgie-trier.de\/index.php?rest_route=%2Fwp%2Fv2%2Fcomments&post=194"}],"version-history":[{"count":16,"href":"https:\/\/kieferchirurgie-trier.de\/index.php?rest_route=\/wp\/v2\/pages\/194\/revisions"}],"predecessor-version":[{"id":324,"href":"https:\/\/kieferchirurgie-trier.de\/index.php?rest_route=\/wp\/v2\/pages\/194\/revisions\/324"}],"up":[{"embeddable":true,"href":"https:\/\/kieferchirurgie-trier.de\/index.php?rest_route=\/wp\/v2\/pages\/147"}],"wp:attachment":[{"href":"https:\/\/kieferchirurgie-trier.de\/index.php?rest_route=%2Fwp%2Fv2%2Fmedia&parent=194"}],"curies":[{"name":"wp","href":"https:\/\/api.w.org\/{rel}","templated":true}]}}

<div data-elementor-type="wp-page" data-elementor-id="194" class="elementor elementor-194">
				<div class="elementor-element elementor-element-2a72fec e-flex e-con-boxed e-con e-parent" data-id="2a72fec" data-element_type="container">
					<div class="e-con-inner">
				<div class="elementor-element elementor-element-50dbc64 elementor-widget elementor-widget-image" data-id="50dbc64" data-element_type="widget" data-widget_type="image.default">
				<div class="elementor-widget-container">
															<img fetchpriority="high" decoding="async" width="766" height="262" src="https://kieferchirurgie-trier.de/wp-content/uploads/2024/07/head-start-1-2.jpg" class="attachment-large size-large wp-image-120" alt="" srcset="https://kieferchirurgie-trier.de/wp-content/uploads/2024/07/head-start-1-2.jpg 766w, https://kieferchirurgie-trier.de/wp-content/uploads/2024/07/head-start-1-2-300x103.jpg 300w" sizes="(max-width: 766px) 100vw, 766px" />															</div>
				</div>
					</div>
				</div>
		<div class="elementor-element elementor-element-f3a51b7 e-con-full e-flex e-con e-parent" data-id="f3a51b7" data-element_type="container">
		<div class="elementor-element elementor-element-3e10199 e-con-full e-flex e-con e-child" data-id="3e10199" data-element_type="container">
				<div class="elementor-element elementor-element-3f2686a elementor-widget elementor-widget-heading" data-id="3f2686a" data-element_type="widget" data-widget_type="heading.default">
				<div class="elementor-widget-container">
					<h4 class="elementor-heading-title elementor-size-default">Impressum</h4>				</div>
				</div>
				<div class="elementor-element elementor-element-ea7c2f6 elementor-widget elementor-widget-text-editor" data-id="ea7c2f6" data-element_type="widget" data-widget_type="text-editor.default">
				<div class="elementor-widget-container">
									<p style="margin: 0px; padding: 0px 0px 10px; font-family: Arial, Helvetica, sans-serif; font-size: 12px; line-height: 18px; color: #4c4c4c;"><strong>Dr. med. Dr. med. dent. Gitta Bechtel-Grebe </strong></p>
<p style="margin: 0px; padding: 0px 0px 10px; font-family: Arial, Helvetica, sans-serif; font-size: 12px; line-height: 18px; color: #4c4c4c;">Fachärztin für Mund-Kiefer-Gesichtschirurgie</p>
<p style="margin: 0px; padding: 0px 0px 10px; font-family: Arial, Helvetica, sans-serif; font-size: 12px; line-height: 18px; color: #4c4c4c;">Zahnärztin für Oralchirurgie</p>
<p style="margin: 0px; padding: 0px 0px 10px; font-family: Arial, Helvetica, sans-serif; font-size: 12px; line-height: 18px; color: #4c4c4c;">Fahrstr. 14 54290 Trier</p>
<p style="margin: 0px; padding: 0px 0px 10px; font-family: Arial, Helvetica, sans-serif; font-size: 12px; line-height: 18px; color: #4c4c4c;">Tel.: 0651 / 75441</p>
<p style="margin: 0px; padding: 0px 0px 10px; font-family: Arial, Helvetica, sans-serif; font-size: 12px; line-height: 18px; color: #4c4c4c;">Fax.: 0651 / 75442</p>
<p style="margin: 0px; padding: 0px 0px 10px; font-family: Arial, Helvetica, sans-serif; font-size: 12px; line-height: 18px; color: #4c4c4c;">E-Mail:&nbsp; &nbsp; &nbsp; &nbsp; &nbsp; &nbsp; &nbsp; &nbsp; &nbsp; &nbsp; &nbsp; &nbsp; &nbsp; &nbsp; &nbsp; &nbsp; &nbsp; &nbsp; &nbsp; &nbsp; &nbsp; &nbsp; &nbsp; &nbsp; &nbsp; &nbsp; &nbsp; &nbsp; &nbsp; &nbsp; &nbsp; &nbsp; &nbsp; &nbsp; &nbsp; &nbsp; &nbsp; &nbsp; &nbsp; &nbsp; &nbsp; &nbsp; &nbsp; &nbsp; &nbsp; &nbsp; &nbsp; &nbsp; &nbsp; &nbsp; &nbsp; &nbsp; &nbsp; &nbsp; &nbsp; &nbsp; &nbsp; &nbsp; &nbsp; &nbsp; &nbsp; &nbsp; &nbsp; &nbsp; &nbsp; &nbsp; &nbsp; &nbsp; &nbsp; &nbsp; &nbsp; &nbsp; &nbsp; &nbsp; &nbsp; &nbsp; info@kieferchirurgie-trier.de&nbsp; &nbsp; &nbsp; &nbsp; &nbsp; &nbsp; &nbsp; &nbsp; &nbsp; &nbsp; &nbsp; &nbsp; &nbsp; &nbsp; &nbsp; &nbsp; &nbsp; &nbsp; &nbsp; &nbsp; &nbsp; &nbsp; &nbsp; &nbsp; &nbsp; &nbsp; &nbsp; &nbsp; &nbsp; &nbsp; &nbsp; &nbsp; &nbsp; &nbsp; &nbsp; &nbsp; &nbsp; &nbsp; &nbsp; &nbsp; &nbsp; &nbsp; &nbsp; &nbsp; &nbsp; &nbsp; &nbsp; &nbsp; &nbsp; &nbsp; &nbsp; &nbsp; &nbsp; &nbsp; &nbsp; &nbsp; &nbsp; &nbsp; &nbsp; &nbsp; &nbsp; &nbsp; &nbsp; &nbsp; &nbsp; &nbsp; &nbsp; &nbsp; &nbsp; &nbsp; info@kieferchirurgin-trier.de</p>
<p style="margin: 0px; padding: 0px 0px 10px; font-family: Arial, Helvetica, sans-serif; font-size: 12px; line-height: 18px; color: #4c4c4c;">Internet:&nbsp; &nbsp; &nbsp; &nbsp; &nbsp; &nbsp; &nbsp; &nbsp; &nbsp; &nbsp; &nbsp; &nbsp; &nbsp; &nbsp; &nbsp; &nbsp; &nbsp; &nbsp; &nbsp; &nbsp; &nbsp; &nbsp; &nbsp; &nbsp; &nbsp; &nbsp; &nbsp; &nbsp; &nbsp; &nbsp; &nbsp; &nbsp; &nbsp; &nbsp; &nbsp; &nbsp; &nbsp; &nbsp; &nbsp; &nbsp; &nbsp; &nbsp; &nbsp; &nbsp; &nbsp; &nbsp; &nbsp; &nbsp; &nbsp; &nbsp; &nbsp; &nbsp; &nbsp; &nbsp; &nbsp; &nbsp; &nbsp; &nbsp; &nbsp; &nbsp; &nbsp; &nbsp; &nbsp; &nbsp; &nbsp; &nbsp; &nbsp; &nbsp; &nbsp; &nbsp; &nbsp; &nbsp; &nbsp; &nbsp; &nbsp; &nbsp; &nbsp; &nbsp; &nbsp; &nbsp; &nbsp; &nbsp; www.kieferchirurgie-trier.de&nbsp; &nbsp; &nbsp; &nbsp; &nbsp; &nbsp; &nbsp; &nbsp; &nbsp; &nbsp; &nbsp; &nbsp; &nbsp; &nbsp; &nbsp; &nbsp; &nbsp; &nbsp; &nbsp; &nbsp; &nbsp; &nbsp; &nbsp; &nbsp; &nbsp; &nbsp; &nbsp; &nbsp; &nbsp; &nbsp; &nbsp; &nbsp; &nbsp; &nbsp; &nbsp; &nbsp; &nbsp; &nbsp; &nbsp; &nbsp; &nbsp; &nbsp; &nbsp; &nbsp; &nbsp; &nbsp; &nbsp; &nbsp; &nbsp; &nbsp; &nbsp; &nbsp; &nbsp; &nbsp; &nbsp; &nbsp; &nbsp; &nbsp; &nbsp; &nbsp; www.kieferchirurgin-trier.de</p>
<p style="margin: 0px; padding: 0px 0px 10px; font-family: Arial, Helvetica, sans-serif; font-size: 12px; line-height: 18px; color: #4c4c4c;"><strong>Zuständige Ärztekammer:</strong> Landesärztekammer Rheinland-Pfalz</p>
<p style="margin: 0px; padding: 0px 0px 10px; font-family: Arial, Helvetica, sans-serif; font-size: 12px; line-height: 18px; color: #4c4c4c;"><strong>Gesetzliche Berufsbezeichnung:</strong> Fachärztin für Mund-Kiefer-Gesichtschirurgie, Zahnärztin für Oralchirurgie</p>
<p style="margin: 0px; padding: 0px 0px 10px; font-family: Arial, Helvetica, sans-serif; font-size: 12px; line-height: 18px; color: #4c4c4c;"><strong>Berufsrechtliche Regelungen:</strong> Berufsordnung für die Ärztinnen und Ärzte in Rheinland-Pfalz</p>
<p style="margin: 0px; padding: 0px 0px 10px; font-family: Arial, Helvetica, sans-serif; font-size: 12px; line-height: 18px; color: #4c4c4c;">Es kann keine Haftung oder Garantie für die Aktualität, Richtigkeit und Vollständigkeit der bereitgestellten Informationen übernommen werden.</p>
<p style="margin: 0px; padding: 0px 0px 10px; font-family: Arial, Helvetica, sans-serif; font-size: 12px; line-height: 18px; color: #4c4c4c;"><strong>Bildnachweis:</strong></p>
<p style="margin: 0px; padding: 0px 0px 10px; font-family: Arial, Helvetica, sans-serif; font-size: 12px; line-height: 18px; color: #4c4c4c;">©iStockphoto.com/ROMAOSLO</p>
<p style="margin: 0px; padding: 0px 0px 10px; font-family: Arial, Helvetica, sans-serif; font-size: 12px; line-height: 18px; color: #4c4c4c;">©iStockphoto.com/HenkBentlage</p>
<p style="margin: 0px; padding: 0px 0px 10px; font-family: Arial, Helvetica, sans-serif; font-size: 12px; line-height: 18px; color: #4c4c4c;">©iStockphoto.com/Trout55</p>								</div>
				</div>
				<div class="elementor-element elementor-element-b20dfbc elementor-widget elementor-widget-text-editor" data-id="b20dfbc" data-element_type="widget" data-widget_type="text-editor.default">
				<div class="elementor-widget-container">
									<a href="http://validator.w3.org/check?uri=referer" target="_blank" rel="noopener"><img decoding="async" src="http://www.w3.org/Icons/valid-xhtml10" alt="Valid XHTML 1.0 Transitional" width="88" height="31" align="left" border="0" /></a>
<p style="margin: 0px; padding: 0px 0px 10px; font-family: Arial, Helvetica, sans-serif; font-size: 10px; line-height: 12px; color: #4c4c4c;">Der Quelltext dieser Website ist valide gemäß den Standards des W3C für korrektes HTML beziehungsweise XHTML und CSS.</p>
<p style="margin: 0px; padding: 0px 0px 10px; font-family: Arial, Helvetica, sans-serif; font-size: 10px; line-height: 12px; color: #4c4c4c;"><strong>Urheberrechte:</strong> Der Inhalt dieser Website ist urheberrechtlich geschützt. Dem Besucher wird jedoch das Recht gewährt, den Text dieser Website auszugsweise zu speichern und zu vervielfältigen. Aus Gründen des Urheberrechts ist die Speicherung und Vervielfältigung von Bildmaterial oder Grafiken aus dieser Website nicht gestattet.</p>
<p style="margin: 0px; padding: 0px 0px 10px; font-family: Arial, Helvetica, sans-serif; font-size: 10px; line-height: 12px; color: #4c4c4c;"><strong>Haftungshinweis:</strong> Trotz sorgfältiger inhaltlicher Kontrolle übernehmen wir keine Haftung für die Inhalte externer Links. Für den Inhalt der verlinkten Seiten sind ausschließlich deren Betreiber verantwortlich.</p>								</div>
				</div>
				</div>
				</div>
				</div>

<p>Impressum Dr. med. Dr. med. dent. Gitta Bechtel-Grebe Fachärztin für Mund-Kiefer-Gesichtschirurgie Zahnärztin für Oralchirurgie Fahrstr. 14 54290 Trier Tel.: 0651 / 75441 Fax.: 0651 / 75442 E-Mail:&nbsp; &nbsp; &nbsp; &nbsp; &nbsp; &nbsp; &nbsp; &nbsp; &nbsp; &nbsp; &nbsp; &nbsp; &nbsp; &nbsp; &nbsp; &nbsp; &nbsp; &nbsp; &nbsp; &nbsp; &nbsp; &nbsp; &nbsp; &nbsp; &nbsp; &nbsp; &nbsp; &nbsp; &nbsp; [&hellip;]</p>
