{"id":157,"date":"2024-07-03T12:42:49","date_gmt":"2024-07-03T12:42:49","guid":{"rendered":"https:\/\/bechtel-grebe.ltr-online.de\/?page_id=157"},"modified":"2024-07-09T12:39:42","modified_gmt":"2024-07-09T12:39:42","slug":"oralchirurgie-2","status":"publish","type":"page","link":"https:\/\/kieferchirurgie-trier.de\/?page_id=157","title":{"rendered":"Oralchirurgie"},"content":{"rendered":"\t\t<div data-elementor-type=\"wp-page\" data-elementor-id=\"157\" class=\"elementor elementor-157\">\n\t\t\t\t<div class=\"elementor-element elementor-element-2a72fec e-flex e-con-boxed e-con e-parent\" data-id=\"2a72fec\" data-element_type=\"container\">\n\t\t\t\t\t<div class=\"e-con-inner\">\n\t\t\t\t<div class=\"elementor-element elementor-element-50dbc64 elementor-widget elementor-widget-image\" data-id=\"50dbc64\" data-element_type=\"widget\" data-widget_type=\"image.default\">\n\t\t\t\t<div class=\"elementor-widget-container\">\n\t\t\t\t\t\t\t\t\t\t\t\t\t\t\t<img fetchpriority=\"high\" decoding=\"async\" width=\"766\" height=\"262\" src=\"https:\/\/kieferchirurgie-trier.de\/wp-content\/uploads\/2024\/07\/head-start-1-2.jpg\" class=\"attachment-large size-large wp-image-120\" alt=\"\" srcset=\"https:\/\/kieferchirurgie-trier.de\/wp-content\/uploads\/2024\/07\/head-start-1-2.jpg 766w, https:\/\/kieferchirurgie-trier.de\/wp-content\/uploads\/2024\/07\/head-start-1-2-300x103.jpg 300w\" sizes=\"(max-width: 766px) 100vw, 766px\" \/>\t\t\t\t\t\t\t\t\t\t\t\t\t\t\t<\/div>\n\t\t\t\t<\/div>\n\t\t\t\t\t<\/div>\n\t\t\t\t<\/div>\n\t\t<div class=\"elementor-element elementor-element-f3a51b7 e-con-full e-flex e-con e-parent\" data-id=\"f3a51b7\" data-element_type=\"container\">\n\t\t<div class=\"elementor-element elementor-element-3e10199 e-con-full e-flex e-con e-child\" data-id=\"3e10199\" data-element_type=\"container\">\n\t\t\t\t<div class=\"elementor-element elementor-element-3f2686a elementor-widget elementor-widget-heading\" data-id=\"3f2686a\" data-element_type=\"widget\" data-widget_type=\"heading.default\">\n\t\t\t\t<div class=\"elementor-widget-container\">\n\t\t\t\t\t<h4 class=\"elementor-heading-title elementor-size-default\">Mund-Kiefer-Gesichtschirurgie\n<\/h4>\t\t\t\t<\/div>\n\t\t\t\t<\/div>\n\t\t\t\t<div class=\"elementor-element elementor-element-ea7c2f6 elementor-widget elementor-widget-text-editor\" data-id=\"ea7c2f6\" data-element_type=\"widget\" data-widget_type=\"text-editor.default\">\n\t\t\t\t<div class=\"elementor-widget-container\">\n\t\t\t\t\t\t\t\t\t<p style=\"margin: 0px; padding: 0px 0px 10px; font-family: Arial, Helvetica, sans-serif; font-size: 12px; line-height: 18px; color: #4c4c4c;\">Die Mund-, Kiefer- und Gesichtschirurgie umfasst die Diagnostik, Therapie, Pr\u00e4vention sowie die funktionelle als auch \u00e4sthetische Rehabilitation von Erkrankungen, Verletzungen, Knochenbr\u00fcchen, Fehlbildungen und Formver\u00e4nderungen der Z\u00e4hne, der Mundh\u00f6hle, des Kiefers und des Gesichtes. Dabei beginnt das Behandlungsspektrum bei vergleichsweise einfachen chirurgischen Eingriffen wie der Entfernung von Weisheitsz\u00e4hnen und reicht bis hin zu komplizierten Operationen.\u00a0<\/p><p style=\"margin: 0px; padding: 0px 0px 10px; font-family: Arial, Helvetica, sans-serif; font-size: 12px; line-height: 18px; color: #4c4c4c;\">Diese auf hohem Niveau durchzuf\u00fchren, erlaubt die spezielle Ausbildung von Dr. med. Dr. med. dent. Gitta Bechtel-Grebe, die neben dem Zahnmedizin-Studium ein vollst\u00e4ndiges Medizin-Studium absolvierte. Denn erst der erfolgreiche Abschluss beider Studien erm\u00f6glicht die Aufnahme einer 5-j\u00e4hrigen Facharztausbildung, die mit Bestehen der Facharztpr\u00fcfung zum Tragen der Berufsbezeichnung MKG-Chirurg \/ &#8211; in erm\u00e4chtigt.<\/p>\t\t\t\t\t\t\t\t<\/div>\n\t\t\t\t<\/div>\n\t\t\t\t<\/div>\n\t\t\t\t<\/div>\n\t\t<div class=\"elementor-element elementor-element-6456df7 e-flex e-con-boxed e-con e-parent\" data-id=\"6456df7\" data-element_type=\"container\">\n\t\t\t\t\t<div class=\"e-con-inner\">\n\t\t\t\t<div class=\"elementor-element elementor-element-0f42ddc elementor-widget elementor-widget-text-editor\" data-id=\"0f42ddc\" data-element_type=\"widget\" data-widget_type=\"text-editor.default\">\n\t\t\t\t<div class=\"elementor-widget-container\">\n\t\t\t\t\t\t\t\t\t<h5>Die MKG-Chirurgie umfasst:<\/h5><ul><li>Diagnostik und Differentialdiagnostik der Krankheiten des Mundes, der Kiefer und der angrenzenden Gewebe<\/li><li>Dentoalveol\u00e4re Operationen<\/li><li>\u00c4sthetische Eingriffe nach Mund-, Kiefer- und Gesichtsverletzungen<\/li><li>Pr\u00e4prothetische Eingriffe<\/li><li>Tumoroperationen<\/li><li>Kiefergelenkbehandlungen<\/li><li>Implantieren von k\u00fcnstlichen Zahnwurzeln (Implantate)<\/li><li>Knochenaufbau (mit Eigenknochen oder Fremdmaterial)<\/li><li>Kieferh\u00f6hlenbodenanhebung (Sinuslift) im Rahmen der Implantologie<\/li><li>Wurzelspitzenresektionen (gl\u00e4tten der Wurzelspitze)<\/li><li>Wurzelspitzenresektionen mit Wurzelf\u00fcllung durch die Krone (orthograd)<\/li><li>Wurzelspitzenresektionen mit F\u00fcllung von der Spitze aus (retrograd)<\/li><li>Wurzelzystenentfernung<\/li><li>Zahnfreilegungen<\/li><li>Entfernung verlagerter und retinierter Weisheitsz\u00e4hne<\/li><li>Entfernung \u00fcberz\u00e4hliger Z\u00e4hne<\/li><li>Entfernung von Kieferzysten<\/li><li>Entfernen von kari\u00f6s zerst\u00f6rten Z\u00e4hnen und von Wurzelresten<\/li><li>Fremdk\u00f6rperentfernung<\/li><li>Entfernen verlagerter und retinierter Z\u00e4hne<\/li><li>Chirurgische Zahnfleischbehandlung (Parodontalchirurgie)<\/li><li>Entfernung und Untersuchung von Hautver\u00e4nderungen<\/li><li>Schlotterkammabtragung<\/li><li>Kieferh\u00f6hlenoperationen<\/li><li>Verschluss von Mund-Kieferh\u00f6hlen-Verbindungen<\/li><li>Zahn- und Kieferbruchschienung<\/li><\/ul>\t\t\t\t\t\t\t\t<\/div>\n\t\t\t\t<\/div>\n\t\t\t\t<div class=\"elementor-element elementor-element-56b28cf elementor-widget elementor-widget-text-editor\" data-id=\"56b28cf\" data-element_type=\"widget\" data-widget_type=\"text-editor.default\">\n\t\t\t\t<div class=\"elementor-widget-container\">\n\t\t\t\t\t\t\t\t\t<p>Sie haben weitere Fragen oder m\u00f6chten einen Termin vereinbaren? Dann rufen Sie uns doch einfach an oder kontaktieren Sie uns \u00fcber das\u00a0<a href=\"kontakt.html\">K<\/a>ontakt-Formular. Wir freuen uns auf Sie!<\/p><p><strong>Ihr Team der MKG-chirurgischen Praxis<\/strong><br \/><strong>Dr. med. Dr. med. dent. Gitta Bechtel-Grebe in Trier<\/strong><\/p>\t\t\t\t\t\t\t\t<\/div>\n\t\t\t\t<\/div>\n\t\t\t\t<div class=\"elementor-element elementor-element-d31aaae elementor-widget elementor-widget-heading\" data-id=\"d31aaae\" data-element_type=\"widget\" data-widget_type=\"heading.default\">\n\t\t\t\t<div class=\"elementor-widget-container\">\n\t\t\t\t\t<h6 class=\"elementor-heading-title elementor-size-default\"><h2 style=\"margin: 20px 0px 5px;padding: 0px;font-family: Arial, Helvetica, sans-serif;font-size: 12px;line-height: 20px\">Ihr Team der MKG-chirurgischen Praxis<br style=\"margin: 0px;padding: 0px\">Dr. med. Dr. med. dent. Gitta Bechtel-Grebe in Trier<\/h2><\/h6>\t\t\t\t<\/div>\n\t\t\t\t<\/div>\n\t\t\t\t\t<\/div>\n\t\t\t\t<\/div>\n\t\t\t\t<\/div>\n\t\t","protected":false},"excerpt":{"rendered":"<p>Mund-Kiefer-Gesichtschirurgie Die Mund-, Kiefer- und Gesichtschirurgie umfasst die Diagnostik, Therapie, Pr\u00e4vention sowie die funktionelle als auch \u00e4sthetische Rehabilitation von Erkrankungen, Verletzungen, Knochenbr\u00fcchen, Fehlbildungen und Formver\u00e4nderungen der Z\u00e4hne, der Mundh\u00f6hle, des Kiefers und des Gesichtes. Dabei beginnt das Behandlungsspektrum bei vergleichsweise einfachen chirurgischen Eingriffen wie der Entfernung von Weisheitsz\u00e4hnen und reicht bis hin zu komplizierten Operationen.\u00a0 [&hellip;]<\/p>\n","protected":false},"author":1,"featured_media":0,"parent":147,"menu_order":0,"comment_status":"closed","ping_status":"closed","template":"","meta":{"footnotes":""},"class_list":["post-157","page","type-page","status-publish","hentry"],"_links":{"self":[{"href":"https:\/\/kieferchirurgie-trier.de\/index.php?rest_route=\/wp\/v2\/pages\/157","targetHints":{"allow":["GET"]}}],"collection":[{"href":"https:\/\/kieferchirurgie-trier.de\/index.php?rest_route=\/wp\/v2\/pages"}],"about":[{"href":"https:\/\/kieferchirurgie-trier.de\/index.php?rest_route=\/wp\/v2\/types\/page"}],"author":[{"embeddable":true,"href":"https:\/\/kieferchirurgie-trier.de\/index.php?rest_route=\/wp\/v2\/users\/1"}],"replies":[{"embeddable":true,"href":"https:\/\/kieferchirurgie-trier.de\/index.php?rest_route=%2Fwp%2Fv2%2Fcomments&post=157"}],"version-history":[{"count":13,"href":"https:\/\/kieferchirurgie-trier.de\/index.php?rest_route=\/wp\/v2\/pages\/157\/revisions"}],"predecessor-version":[{"id":289,"href":"https:\/\/kieferchirurgie-trier.de\/index.php?rest_route=\/wp\/v2\/pages\/157\/revisions\/289"}],"up":[{"embeddable":true,"href":"https:\/\/kieferchirurgie-trier.de\/index.php?rest_route=\/wp\/v2\/pages\/147"}],"wp:attachment":[{"href":"https:\/\/kieferchirurgie-trier.de\/index.php?rest_route=%2Fwp%2Fv2%2Fmedia&parent=157"}],"curies":[{"name":"wp","href":"https:\/\/api.w.org\/{rel}","templated":true}]}}