{"id":147,"date":"2024-07-03T12:24:40","date_gmt":"2024-07-03T12:24:40","guid":{"rendered":"https:\/\/bechtel-grebe.ltr-online.de\/?page_id=147"},"modified":"2024-07-09T12:30:20","modified_gmt":"2024-07-09T12:30:20","slug":"147-2","status":"publish","type":"page","link":"https:\/\/kieferchirurgie-trier.de\/","title":{"rendered":"Startseite"},"content":{"rendered":"\t\t<div data-elementor-type=\"wp-page\" data-elementor-id=\"147\" class=\"elementor elementor-147\">\n\t\t\t\t<div class=\"elementor-element elementor-element-2a72fec e-flex e-con-boxed e-con e-parent\" data-id=\"2a72fec\" data-element_type=\"container\">\n\t\t\t\t\t<div class=\"e-con-inner\">\n\t\t\t\t<div class=\"elementor-element elementor-element-50dbc64 elementor-widget elementor-widget-image\" data-id=\"50dbc64\" data-element_type=\"widget\" data-widget_type=\"image.default\">\n\t\t\t\t<div class=\"elementor-widget-container\">\n\t\t\t\t\t\t\t\t\t\t\t\t\t\t\t<img fetchpriority=\"high\" decoding=\"async\" width=\"766\" height=\"262\" src=\"https:\/\/kieferchirurgie-trier.de\/wp-content\/uploads\/2024\/07\/head-start-1-2.jpg\" class=\"attachment-large size-large wp-image-120\" alt=\"\" srcset=\"https:\/\/kieferchirurgie-trier.de\/wp-content\/uploads\/2024\/07\/head-start-1-2.jpg 766w, https:\/\/kieferchirurgie-trier.de\/wp-content\/uploads\/2024\/07\/head-start-1-2-300x103.jpg 300w\" sizes=\"(max-width: 766px) 100vw, 766px\" \/>\t\t\t\t\t\t\t\t\t\t\t\t\t\t\t<\/div>\n\t\t\t\t<\/div>\n\t\t\t\t\t<\/div>\n\t\t\t\t<\/div>\n\t\t<div class=\"elementor-element elementor-element-f3a51b7 e-con-full e-flex e-con e-parent\" data-id=\"f3a51b7\" data-element_type=\"container\">\n\t\t<div class=\"elementor-element elementor-element-3e10199 e-con-full e-flex e-con e-child\" data-id=\"3e10199\" data-element_type=\"container\">\n\t\t\t\t<div class=\"elementor-element elementor-element-3f2686a elementor-widget elementor-widget-heading\" data-id=\"3f2686a\" data-element_type=\"widget\" data-widget_type=\"heading.default\">\n\t\t\t\t<div class=\"elementor-widget-container\">\n\t\t\t\t\t<h4 class=\"elementor-heading-title elementor-size-default\">Herzlich Willkommen in der Praxis Dr. med. Dr. med. dent. Gitta Bechtel-Grebe<\/h4>\t\t\t\t<\/div>\n\t\t\t\t<\/div>\n\t\t\t\t<div class=\"elementor-element elementor-element-ea7c2f6 elementor-widget elementor-widget-text-editor\" data-id=\"ea7c2f6\" data-element_type=\"widget\" data-widget_type=\"text-editor.default\">\n\t\t\t\t<div class=\"elementor-widget-container\">\n\t\t\t\t\t\t\t\t\t<p style=\"margin: 0px; padding: 0px 0px 10px; font-family: Arial, Helvetica, sans-serif; font-size: 12px; line-height: 18px; color: #4c4c4c;\">Auf den folgenden Seiten m\u00f6chten wir Ihnen unsere in Trier gelegene Praxis vorstellen und Ihnen einen \u00dcberblick \u00fcber unser Leistungsspektrum geben.<\/p><p style=\"margin: 0px; padding: 0px 0px 10px; font-family: Arial, Helvetica, sans-serif; font-size: 12px; line-height: 18px; color: #4c4c4c;\">Es umfasst das komplette Spektrum der ambulant durchf\u00fchrbaren MKG-Chirurgie sowie der zahn\u00e4rztlichen Chirurgie (Oralchirurgie). Kernkompetenzen sind zudem die Parodontologie, die Implantologie sowie die \u00c4sthetik f\u00fcr Lippen und Falten.<\/p><p style=\"margin: 0px; padding: 0px 0px 10px; font-family: Arial, Helvetica, sans-serif; font-size: 12px; line-height: 18px; color: #4c4c4c;\">Alle unsere Behandlungen basieren auf der Auseinandersetzung mit den individuellen W\u00fcnschen und Bed\u00fcrfnissen unserer Patienten. Besonders intensiv k\u00fcmmern wir uns dabei auch um Angst-Patienten, die wir auf Wunsch gerne im D\u00e4mmerschlaf oder unter Narkose behandeln.<\/p>\t\t\t\t\t\t\t\t<\/div>\n\t\t\t\t<\/div>\n\t\t\t\t<\/div>\n\t\t\t\t<\/div>\n\t\t<div class=\"elementor-element elementor-element-6456df7 e-flex e-con-boxed e-con e-parent\" data-id=\"6456df7\" data-element_type=\"container\">\n\t\t\t\t\t<div class=\"e-con-inner\">\n\t\t\t\t<div class=\"elementor-element elementor-element-0f42ddc elementor-widget elementor-widget-text-editor\" data-id=\"0f42ddc\" data-element_type=\"widget\" data-widget_type=\"text-editor.default\">\n\t\t\t\t<div class=\"elementor-widget-container\">\n\t\t\t\t\t\t\t\t\t<h5>Behandlungsspektrum:<\/h5>\n<ul>\n<li>Konservative und operative ambulante Mund-Kiefer-Gesichtschirurgie<\/li>\n<li>Zahn\u00e4rztliche Chirurgie (Zahnentfernungen, Wurzelspitzenresektionen, Schleimhautchirurgie)<\/li>\n<li>Parodontologie (Behandlung von Zahnfleisch- und Zahnbettentz\u00fcndungen auch mit Knochenersatzmaterial)<\/li>\n<li>Implantologie (Einbringen k\u00fcnstlicher Zahnwurzeln)<\/li>\n<\/ul>\n<p>\u00a0<\/p>\n<h5>gegebenenfalls mit:<\/h5>\n<ul>\n<li>Sinuslift (Anheben des Kieferh\u00f6hlenbodens)<\/li>\n<li>Kleine und mittlere Tumorchirurgie des Gesichtes und der Mundh\u00f6hle (Entfernung gutartiger und b\u00f6sartiger Tumore der Haut und der Schleimhaut)<\/li>\n<li>Unfallbehandlung (Weichteilverletzungen, Zahn- und Knochenverletzungen)<\/li>\n<li>Ambulante Behandlung von Angstpatienten in Analgosedierung (D\u00e4mmerschlaf) und Narkose<\/li>\n<li>Kiefergelenkbehandlung<\/li>\n<li>Unterspritzung von Falten, Lippenaufbau<\/li>\n<li>Prothetik (Zahnersatz mit Kronen, Br\u00fccken und Prothesen unter besonderer Ber\u00fccksichtigung des Parodontalbefundes, des Prothesenlagers so wie der \u00c4sthetik)<\/li>\n<\/ul>\t\t\t\t\t\t\t\t<\/div>\n\t\t\t\t<\/div>\n\t\t\t\t<div class=\"elementor-element elementor-element-56b28cf elementor-widget elementor-widget-text-editor\" data-id=\"56b28cf\" data-element_type=\"widget\" data-widget_type=\"text-editor.default\">\n\t\t\t\t<div class=\"elementor-widget-container\">\n\t\t\t\t\t\t\t\t\t<p>Sie haben weitere Fragen oder m\u00f6chten einen Termin vereinbaren? Dann rufen Sie uns doch einfach an oder kontaktieren Sie uns \u00fcber das\u00a0<a href=\"kontakt.html\">K<\/a>ontakt-Formular. Wir freuen uns auf Sie!<\/p><p><strong>Ihr Team der MKG-chirurgischen Praxis<\/strong><br \/><strong>Dr. med. Dr. med. dent. Gitta Bechtel-Grebe in Trier<\/strong><\/p>\t\t\t\t\t\t\t\t<\/div>\n\t\t\t\t<\/div>\n\t\t\t\t<div class=\"elementor-element elementor-element-d31aaae elementor-widget elementor-widget-heading\" data-id=\"d31aaae\" data-element_type=\"widget\" data-widget_type=\"heading.default\">\n\t\t\t\t<div class=\"elementor-widget-container\">\n\t\t\t\t\t<h6 class=\"elementor-heading-title elementor-size-default\"><h2 style=\"margin: 20px 0px 5px;padding: 0px;font-family: Arial, Helvetica, sans-serif;font-size: 12px;line-height: 20px\">Ihr Team der MKG-chirurgischen Praxis<br style=\"margin: 0px;padding: 0px\">Dr. med. Dr. med. dent. Gitta Bechtel-Grebe in Trier<\/h2><\/h6>\t\t\t\t<\/div>\n\t\t\t\t<\/div>\n\t\t\t\t\t<\/div>\n\t\t\t\t<\/div>\n\t\t\t\t<\/div>\n\t\t","protected":false},"excerpt":{"rendered":"<p>Herzlich Willkommen in der Praxis Dr. med. Dr. med. dent. Gitta Bechtel-Grebe Auf den folgenden Seiten m\u00f6chten wir Ihnen unsere in Trier gelegene Praxis vorstellen und Ihnen einen \u00dcberblick \u00fcber unser Leistungsspektrum geben. Es umfasst das komplette Spektrum der ambulant durchf\u00fchrbaren MKG-Chirurgie sowie der zahn\u00e4rztlichen Chirurgie (Oralchirurgie). Kernkompetenzen sind zudem die Parodontologie, die Implantologie sowie [&hellip;]<\/p>\n","protected":false},"author":1,"featured_media":0,"parent":0,"menu_order":0,"comment_status":"closed","ping_status":"closed","template":"","meta":{"footnotes":""},"class_list":["post-147","page","type-page","status-publish","hentry"],"_links":{"self":[{"href":"https:\/\/kieferchirurgie-trier.de\/index.php?rest_route=\/wp\/v2\/pages\/147","targetHints":{"allow":["GET"]}}],"collection":[{"href":"https:\/\/kieferchirurgie-trier.de\/index.php?rest_route=\/wp\/v2\/pages"}],"about":[{"href":"https:\/\/kieferchirurgie-trier.de\/index.php?rest_route=\/wp\/v2\/types\/page"}],"author":[{"embeddable":true,"href":"https:\/\/kieferchirurgie-trier.de\/index.php?rest_route=\/wp\/v2\/users\/1"}],"replies":[{"embeddable":true,"href":"https:\/\/kieferchirurgie-trier.de\/index.php?rest_route=%2Fwp%2Fv2%2Fcomments&post=147"}],"version-history":[{"count":13,"href":"https:\/\/kieferchirurgie-trier.de\/index.php?rest_route=\/wp\/v2\/pages\/147\/revisions"}],"predecessor-version":[{"id":268,"href":"https:\/\/kieferchirurgie-trier.de\/index.php?rest_route=\/wp\/v2\/pages\/147\/revisions\/268"}],"wp:attachment":[{"href":"https:\/\/kieferchirurgie-trier.de\/index.php?rest_route=%2Fwp%2Fv2%2Fmedia&parent=147"}],"curies":[{"name":"wp","href":"https:\/\/api.w.org\/{rel}","templated":true}]}}

<div data-elementor-type="wp-page" data-elementor-id="147" class="elementor elementor-147">
				<div class="elementor-element elementor-element-2a72fec e-flex e-con-boxed e-con e-parent" data-id="2a72fec" data-element_type="container">
					<div class="e-con-inner">
				<div class="elementor-element elementor-element-50dbc64 elementor-widget elementor-widget-image" data-id="50dbc64" data-element_type="widget" data-widget_type="image.default">
				<div class="elementor-widget-container">
															<img fetchpriority="high" decoding="async" width="766" height="262" src="https://kieferchirurgie-trier.de/wp-content/uploads/2024/07/head-start-1-2.jpg" class="attachment-large size-large wp-image-120" alt="" srcset="https://kieferchirurgie-trier.de/wp-content/uploads/2024/07/head-start-1-2.jpg 766w, https://kieferchirurgie-trier.de/wp-content/uploads/2024/07/head-start-1-2-300x103.jpg 300w" sizes="(max-width: 766px) 100vw, 766px" />															</div>
				</div>
					</div>
				</div>
		<div class="elementor-element elementor-element-f3a51b7 e-con-full e-flex e-con e-parent" data-id="f3a51b7" data-element_type="container">
		<div class="elementor-element elementor-element-3e10199 e-con-full e-flex e-con e-child" data-id="3e10199" data-element_type="container">
				<div class="elementor-element elementor-element-3f2686a elementor-widget elementor-widget-heading" data-id="3f2686a" data-element_type="widget" data-widget_type="heading.default">
				<div class="elementor-widget-container">
					<h4 class="elementor-heading-title elementor-size-default">Herzlich Willkommen in der Praxis Dr. med. Dr. med. dent. Gitta Bechtel-Grebe</h4>				</div>
				</div>
				<div class="elementor-element elementor-element-ea7c2f6 elementor-widget elementor-widget-text-editor" data-id="ea7c2f6" data-element_type="widget" data-widget_type="text-editor.default">
				<div class="elementor-widget-container">
									<p style="margin: 0px; padding: 0px 0px 10px; font-family: Arial, Helvetica, sans-serif; font-size: 12px; line-height: 18px; color: #4c4c4c;">Auf den folgenden Seiten möchten wir Ihnen unsere in Trier gelegene Praxis vorstellen und Ihnen einen Überblick über unser Leistungsspektrum geben.</p><p style="margin: 0px; padding: 0px 0px 10px; font-family: Arial, Helvetica, sans-serif; font-size: 12px; line-height: 18px; color: #4c4c4c;">Es umfasst das komplette Spektrum der ambulant durchführbaren MKG-Chirurgie sowie der zahnärztlichen Chirurgie (Oralchirurgie). Kernkompetenzen sind zudem die Parodontologie, die Implantologie sowie die Ästhetik für Lippen und Falten.</p><p style="margin: 0px; padding: 0px 0px 10px; font-family: Arial, Helvetica, sans-serif; font-size: 12px; line-height: 18px; color: #4c4c4c;">Alle unsere Behandlungen basieren auf der Auseinandersetzung mit den individuellen Wünschen und Bedürfnissen unserer Patienten. Besonders intensiv kümmern wir uns dabei auch um Angst-Patienten, die wir auf Wunsch gerne im Dämmerschlaf oder unter Narkose behandeln.</p>								</div>
				</div>
				</div>
				</div>
		<div class="elementor-element elementor-element-6456df7 e-flex e-con-boxed e-con e-parent" data-id="6456df7" data-element_type="container">
					<div class="e-con-inner">
				<div class="elementor-element elementor-element-0f42ddc elementor-widget elementor-widget-text-editor" data-id="0f42ddc" data-element_type="widget" data-widget_type="text-editor.default">
				<div class="elementor-widget-container">
									<h5>Behandlungsspektrum:</h5>
<ul>
<li>Konservative und operative ambulante Mund-Kiefer-Gesichtschirurgie</li>
<li>Zahnärztliche Chirurgie (Zahnentfernungen, Wurzelspitzenresektionen, Schleimhautchirurgie)</li>
<li>Parodontologie (Behandlung von Zahnfleisch- und Zahnbettentzündungen auch mit Knochenersatzmaterial)</li>
<li>Implantologie (Einbringen künstlicher Zahnwurzeln)</li>
</ul>
<p> </p>
<h5>gegebenenfalls mit:</h5>
<ul>
<li>Sinuslift (Anheben des Kieferhöhlenbodens)</li>
<li>Kleine und mittlere Tumorchirurgie des Gesichtes und der Mundhöhle (Entfernung gutartiger und bösartiger Tumore der Haut und der Schleimhaut)</li>
<li>Unfallbehandlung (Weichteilverletzungen, Zahn- und Knochenverletzungen)</li>
<li>Ambulante Behandlung von Angstpatienten in Analgosedierung (Dämmerschlaf) und Narkose</li>
<li>Kiefergelenkbehandlung</li>
<li>Unterspritzung von Falten, Lippenaufbau</li>
<li>Prothetik (Zahnersatz mit Kronen, Brücken und Prothesen unter besonderer Berücksichtigung des Parodontalbefundes, des Prothesenlagers so wie der Ästhetik)</li>
</ul>								</div>
				</div>
				<div class="elementor-element elementor-element-56b28cf elementor-widget elementor-widget-text-editor" data-id="56b28cf" data-element_type="widget" data-widget_type="text-editor.default">
				<div class="elementor-widget-container">
									<p>Sie haben weitere Fragen oder möchten einen Termin vereinbaren? Dann rufen Sie uns doch einfach an oder kontaktieren Sie uns über das <a href="kontakt.html">K</a>ontakt-Formular. Wir freuen uns auf Sie!</p><p><strong>Ihr Team der MKG-chirurgischen Praxis</strong><br /><strong>Dr. med. Dr. med. dent. Gitta Bechtel-Grebe in Trier</strong></p>								</div>
				</div>
				<div class="elementor-element elementor-element-d31aaae elementor-widget elementor-widget-heading" data-id="d31aaae" data-element_type="widget" data-widget_type="heading.default">
				<div class="elementor-widget-container">
					<h6 class="elementor-heading-title elementor-size-default"><h2 style="margin: 20px 0px 5px;padding: 0px;font-family: Arial, Helvetica, sans-serif;font-size: 12px;line-height: 20px">Ihr Team der MKG-chirurgischen Praxis<br style="margin: 0px;padding: 0px">Dr. med. Dr. med. dent. Gitta Bechtel-Grebe in Trier</h2></h6>				</div>
				</div>
					</div>
				</div>
				</div>

<p>Herzlich Willkommen in der Praxis Dr. med. Dr. med. dent. Gitta Bechtel-Grebe Auf den folgenden Seiten möchten wir Ihnen unsere in Trier gelegene Praxis vorstellen und Ihnen einen Überblick über unser Leistungsspektrum geben. Es umfasst das komplette Spektrum der ambulant durchführbaren MKG-Chirurgie sowie der zahnärztlichen Chirurgie (Oralchirurgie). Kernkompetenzen sind zudem die Parodontologie, die Implantologie sowie [&hellip;]</p>
